h/4)/((-3)/18). Suppose b = v - 9 + 3. What are the prime factors of v?
2, 3
Suppose -k - 91 = -v + 67, k - 4*v + 155 = 0. Let h = k + 905. What are the prime factors of h?
2, 373
Let h be (-2)/6 - (10 - 53538/18). Suppose -95*k - h = -101*k. List the prime factors of k.
2, 13, 19
Suppose -25 = 4*w + 55. Suppose 4*a = -2*h - 60, 3*h + 4*a = 9*a - 46. What are the prime factors of w/(-25)*(3 - h)?
2, 5
Let i be (6 - (-49)/(-14)) + 3/(-6). What are the prime factors of (-1332 + -2)/((i - 1)*-2)?
23, 29
Let s = -16 - -25. Suppose 90 = s*f - 45. Suppose -2*g + 205 + f = 0. List the prime factors of g.
2, 5, 11
Let o = -7794 + 17919. What are the prime factors of o?
3, 5
Let i be -5*(0 + 2/(-2)). Suppose -12 = -3*r, 0 = v - i*r + r - 132. Suppose -2*y - v = -3*b, 5*y = -4*b + y + 164. What are the prime factors of b?
2, 23
Let c(f) = f**2 + 4*f - 15. Let p be (6/2 - 2)/((-3)/(-3)). Let u be 25/(p + 4) + 1 + 0. List the prime factors of c(u).
3, 5
Let p(d) = 3*d**2 + 10*d - 14. Suppose 0 = 6*n - 45 + 15. Let g be p(n). Let k = 116 + g. List the prime factors of k.
227
Let o(d) = -5*d - 5*d - 1 + d - 33*d**2 + 69*d**2. List the prime factors of o(3).
2, 37
Let l(y) = 185*y**2 - 340*y + 2332. List the prime factors of l(7).
71, 127
Let q = -14790 + 25185. List the prime factors of q.
3, 5, 7, 11
Let b = -35 - -95. Suppose -u + 2*r = -15, 0 = 4*u - 0*r + 3*r - b. What are the prime factors of u - (-3 + 2 + 4 + -3)?
3, 5
Suppose 0 = -2*c - 3*a + 15 - 3, 5*c - 2*a - 11 = 0. Let w be ((-16)/c)/2 - 6/18. List the prime factors of ((-1)/w)/(332/(-111) + 3).
37
Let q = -366 + 274. Let m = q + 634. List the prime factors of m.
2, 271
Let v(p) = 310*p**2 + 4*p - 1. Let s be v(-3). Suppose -b = -5*i + 9134 - s, 4*b = 4*i - 5092. Suppose -i - 1655 = -14*m. What are the prime factors of m?
11, 19
Suppose 0 = 4*k - 31*k - 81. List the prime factors of (-19 + 16)*298/k.
2, 149
Let w(x) = 311*x + 635. What are the prime factors of w(42)?
13697
Let i(n) = -n**3 + 11*n**2 - 9*n - 10. Let k be i(10). Suppose 5*w - f = -604, k*f + 118 = -w + 3*f. Let d = 213 + w. What are the prime factors of d?
2, 23
Let g = -164 - -196. List the prime factors of 12/(-32) - (-15052)/g.
2, 5, 47
Let o be 2/(-2) - ((-7 - -3) + 0). Suppose -5*b - 4074 = -4*p, -o*b - 1382 = -2*p + 656. List the prime factors of p.
2, 127
Suppose -7 = -c + 24. Let d(a) = 21*a + 5. Let y be d(0). Suppose 0 = y*r - c - 344. List the prime factors of r.
3, 5
Let b(a) = a**3 - a**2 + 58. Let h(r) = -r**2 + 6*r. Suppose 4*q + 5*t = 9, 0 = 2*q - t + 5 - 20. Let o be h(q). What are the prime factors of b(o)?
2, 29
List the prime factors of (-9)/(-18)*-1 + 31166/4.
3, 7, 53
Let a(f) = 16 + 96*f**2 + f**3 + f - 53*f**2 + 11 - 49*f**2. List the prime factors of a(7).
83
Suppose 7*q - 45 = 2*q. Suppose q = -5*a + 2399. Suppose 98 = d - 0*f + f, 0 = -5*d - 2*f + a. What are the prime factors of d?
2, 47
What are the prime factors of -2742*14/(-8) - (15 + 231/(-14))?
2, 3, 5
Let x(d) = 19*d**2 - 75*d - 147. What are the prime factors of x(19)?
17, 311
Let z(d) = 11*d**2 + 3*d + 5. Let f be z(-4). Let h = 387 - f. What are the prime factors of h?
2, 109
Suppose 3*w + 3*r = 9912, 11*w - 10*w - r - 3312 = 0. What are the prime factors of w?
2, 827
Let v = -9 + 16. Suppose q + d = -14 - 28, 4*d + 122 = -3*q. Let y = v - q. What are the prime factors of y?
53
Suppose p + o = 2*o, -4*p = -3*o - 5. Suppose -6*v + p*v = 1, -964 = -3*h - 2*v. What are the prime factors of h?
2, 7, 23
Let v = -6895 - -10936. Let h = 6043 - v. List the prime factors of (-50)/(-18) + -3 - h/(-18).
3, 37
Let b(w) = 72*w**2 - 15*w - 4. Let a be b(4). Let q = a - 429. List the prime factors of q.
659
Let j(k) = -9*k + 59. Let r be j(6). Let m = 253 - 139. Suppose a - r*q - 83 = -q, -5*q + m = 2*a. List the prime factors of a.
67
Let t be (-4)/(-8)*(-9 + 7) - -3. Suppose -t*a = -1251 - 1255. List the prime factors of a.
7, 179
Let o be (-712)/(-40) - (-5)/25. What are the prime factors of (-12 + 0)/(o/(-732))?
2, 61
Let w = 951 - 785. Let f = 482 - w. List the prime factors of f.
2, 79
What are the prime factors of (916/(-3)*-2)/(34/816)?
2, 229
Suppose -216*i - 16260 = -221*i. Let k = i + -2116. List the prime factors of k.
2, 71
Suppose 2293 + 5164 = 69*r - 5377. List the prime factors of r.
2, 3, 31
Let a = 23076 - 12569. List the prime factors of a.
7, 19, 79
What are the prime factors of ((-13677664)/(-96))/49 - (-2)/6?
2, 727
Let d = -122 + 124. Suppose -4*s - 3*o = o - 724, 2*o - 720 = -4*s. Suppose 0 = -d*l - 3*m - 26 + s, 2*l = 4*m + 160. What are the prime factors of l?
2, 3, 13
Suppose 0 = 104*c - 86*c - 25034 - 92632. List the prime factors of c.
3, 2179
Suppose 0 = -5*i - 115 + 10. Let j = i + -14. Let m = -20 - j. List the prime factors of m.
3, 5
Let k = 501 + -214. Let u = 161 + k. List the prime factors of u.
2, 7
Let a = 102701 + -37193. List the prime factors of a.
2, 3, 53, 103
Let j = 6283 - 4816. What are the prime factors of j?
3, 163
Let x(s) = 6*s**2 + 6*s. Let z be (-10)/(-3)*((-12)/(-8) - 0). Let r be x(z). Let v = r + 36. What are the prime factors of v?
2, 3
Let x = 3728 - -5243. List the prime factors of x.
8971
Let z be 54/135 - -77*(-2)/10. Let v(i) = -i**2 - 16*i - 13. Let o be v(z). Suppose 6*j = o*j + 64. What are the prime factors of j?
2
Let t(r) be the first derivative of 35*r**2 + 136*r - 44. What are the prime factors of t(9)?
2, 383
Let o(u) = u**3 - 8*u**2 + 5*u + 17. Let i be o(7). Let z be 2/i*27/(-18). List the prime factors of (-4 + 1)*(312/(-9) - z).
101
Let v be 420/135 + (-3)/27. Suppose -v*p - 99 = -5*o, -3*o - p = -8*o + 103. What are the prime factors of o?
3, 7
Let a(s) be the first derivative of -s**4/4 + 17*s**3/3 - 9*s**2 - 14*s - 53. List the prime factors of a(6).
2, 137
Let v(m) = 2*m**2 - 22*m + 22. Let z be v(1). Suppose -z*q = -3*q - x + 363, -3*q + 1075 = -4*x. List the prime factors of q.
19
Let p(i) = 12*i**3 + 710*i**2 - 48*i + 14. List the prime factors of p(-57).
2, 10903
Suppose 0 = 25*o - 31 - 44. Let u(l) = 184*l - 67. List the prime factors of u(o).
5, 97
Suppose -x + 4*k = -27130, 2*x = -k - 3*k + 54272. Suppose -21*f = 9872 - x. List the prime factors of f.
2, 3, 137
Suppose -62 + 8 = -2*b. Suppose b*u = 2983 + 797. What are the prime factors of u?
2, 5, 7
Let a(u) = 141*u + 29. Suppose 2*w - 18 = -4*d, -3*d + 28*w - 30*w = -16. List the prime factors of a(d).
311
Let f be 63 - -1 - (-8 + 6). List the prime factors of 10/((-20)/f)*(-2)/1.
2, 3, 11
Suppose 0 = -5*l - 5*p + 30, 0*l - 3*l + 10 = -5*p. Suppose 5*v + l*c = -50, 5*c + 16 = c. What are the prime factors of 2 - 2 - (-25 + v)?
31
Let u = -833 - -852. Suppose 27196 + 3717 = u*s. What are the prime factors of s?
1627
Suppose 4*p - 18 + 14 = 0, -5*p - 1650 = -c. List the prime factors of c.
5, 331
Let a = 12 + 139. Let k = a - 101. Suppose -4*m + 126 = -k. What are the prime factors of m?
2, 11
List the prime factors of -108 - -104 - (12164/(-5) - (-2)/(-10)).
7, 347
Suppose -4*z - 4*b + 50 = -178, 0 = -5*z - 3*b + 281. Let y = 24 + 7. Let m = y + z. List the prime factors of m.
2, 43
Suppose 13*z - 8*z - 26291 = -2*x, x = -2. What are the prime factors of z?
3, 1753
Suppose 24*y + 19*y = -2*y + 1352700. What are the prime factors of y?
2, 3, 5, 167
Let a(s) = -22*s**3 - 19*s**2 - 14*s + 26. List the prime factors of a(-8).
2, 11, 463
Let u = 7824 - -22361. List the prime factors of u.
5, 6037
Let j(v) = -158*v + 15. Let m = -101 - -99. List the prime factors of j(m).
331
Let f be ((-616)/(-28))/(1/186). List the prime factors of (-1)/(-5) + f/15.
3, 7, 13
Suppose 2076161 = 115*n - 755829. What are the prime factors of n?
2, 7, 1759
What are the prime factors of ((-14)/(-5))/(236/1790650)?
5, 7, 607
Suppose 98*n - 95*n = 150. Let k = n - 173. Let a = k + 404. List the prime factors of a.
281
Suppose -3*o + 1187 = 1178. List the prime factors of (o - 11) + (-63)/(-1).
5, 11
Suppose 231*z - 260*z + 225736 = 0. What are the prime factors of z?
2, 7, 139
Let f(r) = -r**3 + 20*r**2 + 20*r - 27. Let k be f(21). Let t be (k/9 + 0)*(-9)/4. What are the prime factors of (t/4)/3 - -3?
2
Let m(t) = 20*t + 150. Let p be m(-24). Let d = 798 + p. List the prime factors of d.
2, 3, 13
Let u(w) = w + 41. Let a be -28*1 - (-5 + 10 - 1).